first derivative of -h**5/20 + h**4/4 + 2*h**3/3 - h**2/2 + 5*h - 6. Let z(c) be the first derivative of t(c). Calculate z(4).
-1
Let s(z) be the second derivative of z**5/20 - z**4/6 + z**3/2 - 2*z**2 - 14*z. Let j(b) = -b**2 + 8*b + 12. Let r be j(9). What is s(r)?
14
Let m be ((-6)/9)/((-4)/(-30)). Let d(w) = w + 3. Calculate d(m).
-2
Suppose 4*d = -4*i + 24, 3*d - 30 + 10 = -5*i. Suppose -5*y + 0*c + 8 = -2*c, 5*y - 5*c - d = 0. Let l(r) = -2*r + 5*r - r. Give l(y).
4
Let f(v) = 8*v**2 + 2*v - 1. Suppose 0*r - 4*r - 11 = l, 2*l + 1 = -r. What is f(l)?
9
Suppose -t = -3*t + 12. Suppose 5*d = -5*c + d - 10, 0 = -2*d - 10. Let i(z) = 0*z**c + t*z + 1 - 3*z**2 + z**2 + z**2. What is i(6)?
1
Suppose 4*f - 2 = 3*f. Suppose 3*u = -f*u + 75. Let a be (8/10)/(6/u). Let p(l) = -l**2 - 2. What is p(a)?
-6
Let j(o) = -8*o + 1. Let i be j(-2). Let n(x) = -20*x**3 + 15*x**2 + 32*x + 6. Let d(h) = -7*h**3 + 5*h**2 + 11*h + 2. Let v(a) = i*d(a) - 6*n(a). Give v(6).
4
Let n(f) = f**3 + 4*f**2 - 9*f - 6. Let c(p) = p**3 + 3*p**2 - 8*p - 5. Let l(x) = 7*c(x) - 6*n(x). Give l(2).
-7
Let w(f) = -2 + 0 + 6*f**2 - 3*f**3 - 4*f + 2*f**3 - 2. Let s = 6 - 1. Calculate w(s).
1
Let t(q) = -q**2 + q. Let x(s) = -s**3 + 7*s**2 - 6*s + 1. Let h be x(6). Give t(h).
0
Let l(i) = -i**3 - i**2 + 3*i + 1. Let y = 17 + -12. Suppose -2*w + y*a = 29, -6*w + 4*a - 28 = -2*w. Calculate l(w).
-1
Let l(f) = 7*f - 8*f**2 + 0 - 11*f + 7 + 7*f**2. Calculate l(-6).
-5
Let k(o) = 5*o**2 - 9*o + 12. Let j(i) = -6*i**2 + 10*i - 13. Let v(s) = -6*j(s) - 7*k(s). Suppose 4 = 3*q + 19. Determine v(q).
4
Let q = 3 + -1. Let a(k) be the third derivative of -3*k**2 + 1/12*k**4 - 1/6*k**3 + 0*k - 1/60*k**5 + 0. What is a(q)?
-1
Let r(b) be the second derivative of 3*b**5/20 + b**4/4 + b**3/6 - 14*b. Calculate r(-2).
-14
Let t(y) = 7*y**3 + 2*y**2 + 4*y + 8. Let s(d) = -8*d**3 - 2*d**2 - 4*d - 9. Let i = 11 + -17. Let p = -8 + 1. Let v(j) = i*s(j) + p*t(j). Determine v(-2).
6
Let x(f) = f**2 - 10. Let a = 4 + -5. Let n be 0/(a*(3 - 2)). Let u be 2/2*(n - 0). What is x(u)?
-10
Let d be (-8 + 2)*(-3)/(-15)*5. Let w(b) = b**2 + 5*b - 1. Determine w(d).
5
Let z(v) be the second derivative of 1/12*v**4 + v**2 - 2*v + 0*v**3 + 0. Let w be 1*(-3)/((-9)/(-6)). Determine z(w).
6
Let w(h) = -h + 7. Let u(d) = -d**2 - 7*d - 4. Let c be u(-7). Let g be 2 - (0 + c + 2). Calculate w(g).
3
Let s(b) = b**3 + b**2 + 2. Let l = 23 - 14. Let j be 2/l - (-104)/18. Let g(y) = -y**3 + 6*y**2 + y - 8. Let i be g(j). Calculate s(i).
-2
Suppose 21 + 15 = -4*b. Let g(j) = -j**3 - 10*j**2 - 10*j - 3. Let d be g(b). Let x(m) = m**3 - 5*m**2 - 7*m + 5. What is x(d)?
-1
Let w(n) = 63*n**3 + 2*n**2 - 34*n**3 - 28*n**3 + 2*n + 1. Give w(-2).
-3
Suppose 4 = 2*h - 6. Suppose -h*r - 25 = 0, -4*i + 0*r - 20 = 4*r. Let j(g) = 1 + g - 4 - 2*g. What is j(i)?
-3
Suppose 0 = 3*w - 10 - 8. Let b be (2/(-3))/((-1)/w). Let s be (18/15)/(b/10). Let p(x) = x**3 - 3*x**2 + 1. Calculate p(s).
1
Let d(b) be the first derivative of -b**2/2 - 6*b + 1. What is d(-7)?
1
Let u(p) = -2*p + 10. Let g = 45 - 53. Calculate u(g).
26
Suppose -13*c + 15*c - 6 = 0. Let w(k) = -k**2 - 2*k + 4. Determine w(c).
-11
Let d(m) = 14*m - 14. Let s(q) = 5*q - 5. Let o(i) = -4*d(i) + 11*s(i). Let g be (2/(-7))/(19/(-133)). Give o(g).
-1
Let y(f) = 2*f**2 + f**3 - 2*f + 7*f**2 - 3*f**2 + 1 - 10. Suppose 4*u + 0*u - 16 = -4*j, 0 = -2*j + u - 4. Let w be 0 + j + -4 - 2. Give y(w).
3
Suppose 3*g = -0*g + 12. Suppose -5*p + g = -3*p. Let m(k) = -k**2 - 3*k - k + 2*k**p. Calculate m(3).
-3
Let j(y) be the second derivative of -y**3/6 - 8*y. Determine j(5).
-5
Let d(b) be the third derivative of -b**6/240 + b**5/120 + b**4/24 + b**2. Let y(m) be the second derivative of d(m). Let v = -7 + 5. Calculate y(v).
7
Let k(b) = -b + 5. Suppose 0 = 3*y - y + 8. Give k(y).
9
Let q(b) be the third derivative of -b**5/20 - b**4/12 + b**3/3 + 48*b**2. Give q(2).
-14
Let y(j) be the third derivative of -j**4/6 + j**3/3 - 3*j**2. What is y(3)?
-10
Let d(v) = 2*v + 4. Suppose 2*w - 10 = 4*f, -4*w + f - 3*f = 20. What is d(w)?
-2
Let o(w) = -1 + 2*w - 2*w + w + w**2 - 6*w. Determine o(5).
-1
Let p = 0 - 6. Let r = p - -12. Let z(q) = -3*q**2 + 1 + 0*q - r*q + q**3 + 4. Give z(4).
-3
Let t(b) = b**2 + 5*b - 1. Let p = -13 - -7. Give t(p).
5
Suppose -4*b - 2*c = -6, 4*b + 24 = -2*c + 6*c. Let i(u) be the second derivative of -2*u + 2/3*u**4 - 1/6*u**3 + 0*u**2 + 0. What is i(b)?
9
Let l be 2/(-8) - 95/20. Let r(y) = -y**3 - 6*y**2 - 5*y + 5. Give r(l).
5
Let j(q) = 5*q**2 + q - 1. Let v be j(1). Let d(b) = b - 8. Let a be d(10). Let r(u) = -6*u**a + 4 + 7*u**2 + 0*u**2 - 6*u. Calculate r(v).
-1
Let u(l) = 6*l - 1. Let w be ((-96)/36)/((-4)/(-6)). Calculate u(w).
-25
Let i(c) = 7*c + 4*c - 7 - 6*c - 3*c. Calculate i(7).
7
Let h(j) = -j**3 - 4*j**2 - j - 4. Let g be h(-4). Suppose g = -4*k - k + 30. Let t(m) = -7*m + 9*m + 2 - k. Give t(5).
6
Let s(n) be the third derivative of n**5/60 + n**4/4 + n**3 + n**2. What is s(-5)?
1
Let y(h) = 3*h. Suppose 3*q + 3*d = 7*d + 14, -15 = 3*d. Let v = 1 + q. Give y(v).
-3
Let o(j) be the third derivative of j**6/120 - j**5/30 - j**3/3 + 24*j**2. Give o(-2).
-18
Let d(s) = -3*s**2 - s + 2. Let a = 6 + -1. Suppose -4*z + a*z - 7 = 3*m, -4*m - 5*z - 3 = 0. Give d(m).
-8
Let t(p) = -p - 5. Let x(i) = -i**3 + 5*i**2 - 5*i - 1. Let c be x(4). Let g = c + 0. Let l be -3*1/(-3) + g. Calculate t(l).
-1
Let r(p) = p**2 + 5*p. Let h = -5 + 0. Give r(h).
0
Let z(m) be the second derivative of m**5/20 + m**4/6 - m**3/2 - m**2 - m. Let w(v) = v - 3. Let r be w(4). Let a = -3 + r. Give z(a).
4
Let t(q) be the first derivative of -q**4/4 + 2*q**3 - q**2 + 7*q - 1. Let h(d) = d**3 - 2*d**2 - 6*d - 2. Let j be h(4). What is t(j)?
-5
Let n be 2/((-4)/(-2))*-6. Let t be n/9 - (-4)/(-12). Let x(m) = 9*m**2 - 2*m - 1. What is x(t)?
10
Let w(d) be the third derivative of -d**5/60 + 5*d**4/24 + 5*d**3/6 - 22*d**2. Calculate w(6).
-1
Let i(g) be the third derivative of g**5/60 - 7*g**4/24 + g**3/3 - 16*g**2. Suppose 6*c - 14 = 4*c. Give i(c).
2
Let r(m) be the second derivative of -m**5/20 + m**4/2 - 5*m**3/6 - 2*m**2 - 5*m. Let a be r(5). Let g(t) = t + 4. Give g(a).
0
Let t(s) = -3*s**2 - 4*s - 2. Let b(d) = d**3 + 12*d**2 - d - 14. Let r be b(-12). What is t(r)?
-6
Let x(i) = -2*i**2 + 9*i + 3. Let r(q) = -q**2 + 9*q + 4. Let p(j) = -3*r(j) + 2*x(j). Give p(-8).
2
Let p(q) = 10*q + 3. Let t(y) = -3*y + 0*y - 2 + 0 - 6*y. Let k(j) = 3*p(j) + 4*t(j). Suppose -3*r + 1 = -4*a, a + r + 3 = 1. Calculate k(a).
7
Let l(c) = -3*c**2 - 6*c**2 + 10*c**2 + 9 - 8*c. Determine l(6).
-3
Suppose 5*i + a - 6 + 1 = 0, 4*i + 3*a = -7. Suppose -3 = -i*k + t, -4*t + 2*t + 6 = 0. Let c(f) = f**2 - f + 3. Calculate c(k).
9
Suppose -5*n + 0 - 5 = 0. Let s be (-3)/(n - 2/(-1)). Let o(g) = -4*g - 2. Calculate o(s).
10
Let a(b) = 3*b - 5. Let f(t) = 4*t - 6. Let j(p) = -5*a(p) + 4*f(p). Let l(k) = -2*k**2 - 6*k - 7. Let m(d) = 6*j(d) + l(d). Determine m(-1).
-3
Let v(n) = -n**2 - 4*n + 2. Suppose 5*w = -0*w. Let l(q) = q**2 - q + 2. Let x be l(w). Suppose -4*r + x*i = 16, r = 5*i - 1 + 6. Determine v(r).
-3
Let d(k) be the third derivative of -k**6/120 + k**5/60 - k**4/12 - 2*k**2. Let a = 9 - 0. Suppose 5*s - 5*c - 9 = 6, -4*s + a = -c. Give d(s).
-8
Let d(l) = -3*l - 6. Let a(q) = q + 1. Suppose 0 = -4*k + 8 + 12. Let n(b) = k*a(b) + d(b). Calculate n(-3).
-7
Let w(q) = -q**2 + 6*q + 1. Let x = 25 + -20. What is w(x)?
6
Suppose -2*n - 10 = 6. Let r be (6/4)/(6/n). Let g(u) be the second derivative of u**5/20 - u**4/12 - u**3/6 + u**2/2 - 2*u. Determine g(r).
-9
Let k(c) = -c**2 + 7*c - 4. Let s be k(6). Let y(j) = 0*j + s*j + 5 - 5 + 2. Determine y(-3).
-4
Let o(z) be the first derivative of -z**3 - z**2/2 + 2*z - 57. What is o(2)?
-12
Let b be 21/14*-2*2 + 2. Let u(a) = 2*a + 1. Let j(v) = -11*v - 6. Let t(p) = 6*j(p) + 34*u(p). Determine t(b).
-10
Suppose -4*o = 3*k + k, 3*o + 2*k = 1. Suppose -5*g - 4 = o. Let y(l) = -14*l**2 - l. Determine y(g).
-13
Suppose -4*h = 19 + 5. Let b = h - -8. Let t(d) = 0*d**b - 3 - d**3 + 5*d**2 + d - 4*d**2. Calculate t(0).
-3
Let g be 4*(-4)/(-4)*-1. Let s(m) = 4 - m - m**2 + m - m. Determine s(g).
-8
Let w(j) = -1. Let v(y) = 6*y - 9. Let l(u) = -v(u) - 2*w(u). 